emainder when 20753892 is divided by 897?
3
Calculate the remainder when 844858 is divided by 1929.
1885
What is the remainder when 497201 is divided by 497127?
74
Calculate the remainder when 197321 is divided by 7.
5
Calculate the remainder when 2417329 is divided by 1208644.
41
Calculate the remainder when 3917282 is divided by 530.
52
What is the remainder when 315436 is divided by 157649?
138
What is the remainder when 42454039 is divided by 65?
4
What is the remainder when 21933079 is divided by 907?
5
Calculate the remainder when 14412969 is divided by 1081.
1077
What is the remainder when 49707303 is divided by 24853645?
13
Calculate the remainder when 133829439 is divided by 235.
229
Calculate the remainder when 2374275 is divided by 57.
54
Calculate the remainder when 702981 is divided by 3210.
3201
What is the remainder when 402616 is divided by 3984?
232
Calculate the remainder when 1870950 is divided by 6451.
160
Calculate the remainder when 184813 is divided by 4400.
13
What is the remainder when 74422 is divided by 3390?
3232
Calculate the remainder when 423435 is divided by 584.
35
What is the remainder when 210608 is divided by 385?
13
Calculate the remainder when 13237930 is divided by 147.
139
Calculate the remainder when 52188 is divided by 3590.
1928
Calculate the remainder when 1934196 is divided by 386836.
16
Calculate the remainder when 344311 is divided by 114765.
16
Calculate the remainder when 426293 is divided by 15216.
245
What is the remainder when 86463 is divided by 1764?
27
Calculate the remainder when 226211 is divided by 1498.
13
Calculate the remainder when 15137070 is divided by 202.
200
Calculate the remainder when 8290991 is divided by 22840.
71
What is the remainder when 3729394 is divided by 149173?
69
What is the remainder when 1681705 is divided by 99?
91
Calculate the remainder when 386440 is divided by 4156.
4088
What is the remainder when 5665730 is divided by 1133140?
30
Calculate the remainder when 5773219 is divided by 1924371.
106
Calculate the remainder when 2804006 is divided by 207.
191
Calculate the remainder when 4109268 is divided by 1698.
108
Calculate the remainder when 1046225 is divided by 316.
265
What is the remainder when 170480 is divided by 10005?
395
What is the remainder when 127613 is divided by 4556?
45
What is the remainder when 1163219 is divided by 555?
494
What is the remainder when 2113185 is divided by 316?
93
What is the remainder when 49775421 is divided by 35?
31
Calculate the remainder when 1723746 is divided by 125.
121
Calculate the remainder when 66871 is divided by 8170.
1511
What is the remainder when 4374386 is divided by 30?
26
What is the remainder when 168937 is divided by 42078?
625
Calculate the remainder when 634085 is divided by 211263.
296
Calculate the remainder when 12945839 is divided by 1938.
1937
What is the remainder when 126055 is divided by 1416?
31
Calculate the remainder when 1847636 is divided by 923809.
18
Calculate the remainder when 218276 is divided by 3256.
124
Calculate the remainder when 79786 is divided by 9927.
370
What is the remainder when 6465221 is divided by 18?
17
Calculate the remainder when 4718983 is divided by 97.
30
Calculate the remainder when 20830 is divided by 1231.
1134
Calculate the remainder when 20688682 is divided by 1001.
14
What is the remainder when 86326 is divided by 21459?
490
What is the remainder when 1029949 is divided by 42825?
2149
What is the remainder when 6503463 is divided by 2893?
2892
What is the remainder when 450902 is divided by 149695?
1817
Calculate the remainder when 11042364 is divided by 52.
8
What is the remainder when 14895555 is divided by 3053?
3021
Calculate the remainder when 242066 is divided by 251.
102
Calculate the remainder when 10464066 is divided by 207.
9
What is the remainder when 3377869 is divided by 1372?
5
What is the remainder when 36108741 is divided by 63017?
0
What is the remainder when 130188 is divided by 757?
741
Calculate the remainder when 1091746 is divided by 10703.
40
What is the remainder when 106127811 is divided by 2101?
2099
Calculate the remainder when 6217204 is divided by 4515.
49
What is the remainder when 400845003 is divided by 18?
15
Calculate the remainder when 9611832 is divided by 1715.
972
What is the remainder when 55689 is divided by 2772?
249
What is the remainder when 444014 is divided by 611?
428
What is the remainder when 1474224 is divided by 43?
12
Calculate the remainder when 411967 is divided by 2395.
27
Calculate the remainder when 2959210 is divided by 1479598.
14
Calculate the remainder when 54427678 is divided by 539.
536
What is the remainder when 14025007 is divided by 114?
43
What is the remainder when 38814 is divided by 9116?
2350
Calculate the remainder when 8481987 is divided by 524.
523
What is the remainder when 293195 is divided by 1413?
704
What is the remainder when 1300791 is divided by 390?
141
Calculate the remainder when 185733 is divided by 563.
506
Calculate the remainder when 4444459 is divided by 10.
9
What is the remainder when 728753 is divided by 72854?
213
What is the remainder when 14189901 is divided by 54?
51
What is the remainder when 111940 is divided by 974?
904
Calculate the remainder when 1349667 is divided by 70.
67
Calculate the remainder when 5395752 is divided by 661.
9
What is the remainder when 273473 is divided by 48?
17
Calculate the remainder when 59060 is divided by 2122.
1766
Calculate the remainder when 8894693 is divided by 20.
13
Calculate the remainder when 776610 is divided by 591.
36
What is the remainder when 11821868 is divided by 11556?
80
Calculate the remainder when 64084 is divided by 2454.
280
What is the remainder when 10271832 is divided by 1157?
1143
What is the remainder when 6183033 is divided by 3941?
3545
What is the remainder when 312425982 is divided by 3328?
3326
Calculate the remainder when 2081598 is divided by 693728.
414
What is the remainder when 95633794 is divided by 22?
14
What is the remainder when 1423175 is divided by 1184?
7
What is the remainder when 5761 is divided by 1215?
901
Calculate the remainder when 44107736 is divided by 114.
110
Calculate the remainder when 137036 is divided by 9787.
18
Calculate the remainder when 412839 is divided by 24205.
1354
Calculate the remainder when 3409584 is divided by 24707.
18
Calculate the remainder when 62816 is divided by 10409.
362
What is the remainder when 1709271 is divided by 939?
291
What is the remainder when 7001654 is divided by 2333876?
26
Calculate the remainder when 27916038 is divided by 41728.
6
What is the remainder when 2256184 is divided by 290?
274
What is the remainder when 15441 is divided by 4949?
594
Calculate the remainder when 3907941 is divided by 126062.
19
Calculate the remainder when 108196778 is divided by 327.
326
What is the remainder when 9774 is divided by 1000?
774
Calculate the remainder when 2265417 is divided by 1104.
9
What is the remainder when 4273531 is divided by 1846?
41
Calculate the remainder when 4032965 is divided by 12111.
2
What is the remainder when 258727 is divided by 1568?
7
What is the remainder when 198594 is divided by 1789?
15
Calculate the remainder when 123658 is divided by 179.
148
Calculate the remainder when 795316 is divided by 72068.
2568
Calculate the remainder when 56834 is divided by 559.
375
Calculate the remainder when 2568637 is divided by 13736.
5
Calculate the remainder when 226599 is divided by 693.
681
What is the remainder when 1178346 is divided by 6479?
5647
What is the remainder when 147072 is divided by 73514?
44
What is the remainder when 11951544 is divided by 730?
714
Calculate the remainder when 953495 is divided by 82.
81
Calculate the remainder when 19469756 is divided by 160.
156
Calculate the remainder when 912547 is divided by 1693.
20
What is the remainder when 854875 is divided by 42739?
95
Calculate the remainder when 840405 is divided by 3265.
1300
What is the remainder when 22426857 is divided by 102?
15
What is the remainder when 595210031 is divided by 72?
71
What is the remainder when 189554 is divided by 737?
145
Calculate the remainder when 168168093 is divided by 84084029.
35
What is the remainder when 5024